 (base 9) in base 16?
-c2eff5
Convert 1dd92a (base 16) to base 15.
2898e3
2416358 (base 10) to base 8
11157346
-14344202 (base 5) to base 15
-30537
Convert -103121312 (base 4) to base 14.
-20d70
Convert 100111010010111010011 (base 2) to base 3.
2102102022012
100100212013 (base 4) to base 10
4262279
-76a08b (base 13) to base 4
-22221300312
Convert 100014 (base 16) to base 12.
4269b0
What is 2dc67 (base 15) in base 14?
3bc9c
Convert 1588725 (base 12) to base 8.
20647015
Convert 8312 (base 10) to base 6.
102252
What is 15a3177 (base 11) in base 3?
12010120022201
What is -15406 (base 9) in base 10?
-10536
What is -100200200202 (base 3) in base 4?
-232210313
What is 4c4768 (base 15) in base 7?
43053026
Convert d14cc (base 14) to base 7.
4163545
Convert -3515c (base 14) to base 15.
-28466
Convert 58c30a (base 14) to base 11.
178a512
30402213 (base 5) to base 16
3c58f
Convert -12000102222012 (base 3) to base 5.
-1140302211
Convert 3182464 (base 9) to base 14.
3264a8
Convert 333b8 (base 15) to base 13.
5917a
What is -3130311 (base 4) in base 7?
-56130
Convert -213366364 (base 7) to base 4.
-300232130302
What is 13310031 (base 5) in base 10?
135016
What is -1024441 (base 6) in base 3?
-2112222021
What is -10022243 (base 5) in base 14?
-2108a
What is 621ab (base 12) in base 11?
88308
Convert -1155503211 (base 6) to base 9.
-27238287
Convert -23553044 (base 8) to base 16.
-4ed624
1000202221221011 (base 3) to base 8
70236777
Convert -8226106 (base 9) to base 14.
-822ba1
What is 24643257 (base 9) in base 4?
232003322101
Convert 4643423 (base 9) to base 11.
1463a19
Convert -10101010101000111001001 (base 2) to base 8.
-25250711
-125372 (base 15) to base 7
-10315406
Convert 227ad (base 14) to base 3.
11021000101
What is -11111110101111011111 (base 2) in base 3?
-1222000022022
11953785 (base 10) to base 5
11030010120
316077 (base 10) to base 15
639bc
-135440 (base 6) to base 8
-31160
What is 22432121 (base 5) in base 3?
101021022110
14cd85 (base 14) to base 6
23330041
Convert 1435243 (base 6) to base 12.
3bb23
-100001101100001001011011 (base 2) to base 5
-4230102304
210331303 (base 5) to base 6
30355340
Convert -2101013023 (base 4) to base 8.
-2210713
What is -11a1732 (base 11) in base 4?
-13330013103
Convert -101021221011110 (base 3) to base 10.
-5470536
Convert 2c213 (base 14) to base 4.
122321121
What is -2102261 (base 8) in base 5?
-120331012
-ba2eb (base 15) to base 16
-905c0
Convert 4148419 (base 10) to base 3.
21210202120011
Convert -1c3175 (base 15) to base 7.
-14464361
32839 (base 13) to base 15
1c187
-112390 (base 12) to base 3
-111220021000
What is -1101101100110100011 (base 2) in base 10?
-448931
What is -466338 (base 9) in base 12?
-1161b2
Convert -2a307 (base 15) to base 13.
-499b1
Convert 43134 (base 7) to base 16.
29d3
Convert 600673 (base 11) to base 5.
221421422
What is -8ed85 (base 15) in base 11?
-29108a
-12222001211002 (base 3) to base 5
-1302422123
What is 76262 (base 9) in base 12?
2529b
What is 45134251 (base 6) in base 15?
1be98a
What is -9a604 (base 13) in base 2?
-1000100010111100101
-1124110042 (base 5) to base 6
-131000520
Convert 22132032100 (base 4) to base 5.
1200321412
What is 1603544 (base 7) in base 4?
311222111
-108ad8c (base 15) to base 12
-3b67580
1010312003 (base 4) to base 10
281987
Convert -372e1 (base 16) to base 7.
-1630641
Convert -22202223320 (base 4) to base 12.
-b13308
What is 22343335 (base 6) in base 9?
1250155
Convert -1422342134 (base 5) to base 14.
-6c9d82
Convert 422024201 (base 5) to base 12.
705935
2021011000 (base 4) to base 11
35392a
What is -b3e0 (base 16) in base 12?
-22794
What is 2a6f8 (base 16) in base 11?
109655
Convert 2711215 (base 8) to base 16.
b928d
What is 52029e (base 16) in base 7?
63453311
-27d60 (base 14) to base 3
-12000100112
What is -1374737 (base 8) in base 4?
-1133213133
1746108 (base 9) to base 3
1211120010022
What is 100010000010101111101 (base 2) in base 16?
11057d
Convert -73967c (base 13) to base 9.
-5073368
What is -69563 (base 10) in base 2?
-10000111110111011
Convert 2321310223 (base 4) to base 2.
10111001110100101011
Convert 12013401 (base 5) to base 4.
122332030
-42dd5 (base 14) to base 15
-32e77
Convert -41c45 (base 13) to base 8.
-347376
-1011210210 (base 4) to base 7
-2264541
273a1 (base 12) to base 8
151551
What is 1000100010010110011101 (base 2) in base 6?
115544233
Convert 13633 (base 7) to base 4.
322210
-4121442 (base 5) to base 2
-10000011000110010
Convert 110100000001001100 (base 2) to base 10.
213068
Convert -112330121 (base 4) to base 12.
-46475
-1043422 (base 6) to base 2
-1100110110100110
Convert 209953 (base 14) to base 9.
2058815
What is 22312332120 (base 4) in base 14?
54157a
Convert 2713131 (base 9) to base 7.
15423454
Convert -11200020212001 (base 3) to base 11.
-1448070
Convert -18994 (base 10) to base 7.
-106243
108075 (base 12) to base 9
440368
What is -220121221002011 (base 3) in base 11?
-742a066
-4ac9b (base 13) to base 14
-385d8
42381a0 (base 13) to base 14
2968752
Convert 255454 (base 7) to base 16.
b9d1
What is 6a66a (base 11) in base 15?
20323
4644 (base 13) to base 4
2122002
Convert 125454 (base 12) to base 3.
120012221201
-445113 (base 6) to base 4
-21020211
Convert 1101110010100110101100 (base 2) to base 8.
15624654
16f277 (base 16) to base 5
341110423
-101202210220222 (base 3) to base 2
-10101110101011110010101
Convert -267357 (base 9) to base 4.
-213300232
What is 974c (base 15) in base 8?
76426
-14320421 (base 5) to base 9
-250558
66101 (base 10) to base 15
148bb
What is 3131532 (base 7) in base 13?
102b19
What is -244441214 (base 5) in base 4?
-10131333222
What is -11101101001001101111110 (base 2) in base 13?
-17c1139
Convert -6358 (base 10) to base 7.
-24352
Convert -216975 (base 11) to base 14.
-900b2
What is 1ac0dc (base 15) in base 10?
1306332
What is 49b7b (base 14) in base 12?
88641
Convert 1d02a8 (base 14) to base 12.
420690
Convert -2baa0 (base 12) to base 11.
-42680
What is -3021545 (base 6) in base 10?
-142985
-acfd51 (base 16) to base 11
-6443761
201030141 (base 5) to base 13
21c77b
What is 111100010001001001001001 (base 2) in base 7?
251200544
-3 (base 12) to base 7
-3
2014433313 (base 5) to base 9
7570548
What is 9d643 (base 14) in base 15?
785a1
What is 1201430021 (base 5) in base 4?
22202321202
531343 (base 10) to base 15
a767d
Convert 35283b (base 13) to base 4.
10310032100
323302211 (base 4) to base 9
412842
Convert -7596e (base 15) to base 8.
-1331203
Convert -3775460 (base 9) to base 5.
-1011320431
11021111001 (base 3) to base 7
500305
Convert c6a8c3 (base 16) to base 5.
11313104311
What is 1759310 (base 10) in base 11?
aa1883
Convert -2322331331 (base 4) to base 9.
-1386452
-99638 (base 10) to base 3
-12001200022
20515542 (base 6) to base 9
1115778
Convert -3945d (base 14) to base 16.
-2260b
What is 2392 (base 10) in base 9?
3247
287018 (base 12) to base 6
22252032
What is 1316311 (base 7) in base 14?
46d08
What is -220100111212210 (base 3) in base 14?
-1a0c5bc
344303 (base 7) to base 9
103375
What is 2712514 (base 8) in base 2?
10111001010101001100
What is -528280 (base 12) in base 8?
-4752600
Convert -3089 (base 16) to base 11.
-9376
2c0bca0 (base 13) to base 7
231102152
-340243343 (base 5) to base 13
-403ab2
Convert 22311100300 (base 4) to base 14.
53cba8
Convert 3927807 (base 12) to base 7.
164433103
Convert -15112200 (base 6) to base 7.
-4305114
-292964 (base 11) to base 12
-1a0a50
-5cc16d (base 14) to base 3
-12222201201020
Convert 6616264 (base 8) to base 12.
718304
-69137 (base 13) to base 12
-928a2
-1162961 (base 12) to base 5
-1330122212
What is 2122222121212 (base 3) in base 4?
11121323012
Convert 12602a1 (base 12) to base 7.
42446221
Convert 3cd94 (base 15) to base 7.
1442536
Convert 1436811 (base 9) to base 10.
792352
-20102101012 (base 3) to base 4
-132312320
Convert -102546550 (base 7) to base 12.
-205b9a4
-56260045 (base 7) to base 13
-1017553
Convert -10011000110011011010000 (base 2) to base 9.
-10371345
Convert -25749 (base 12) to base 13.
-1a3a9
1229dd (base 14) to base 15
c44d8
-31514311 (base 6) to base 3
-1202010110021
What is 107283 (base 9) in base 10?
64389
What is -1000011100110010001011 (base 2) in base 5?
-1031340201
Convert -309264 (base 10) to base 3.
-120201020020
Convert -212330203 